rime factors of 454.
2, 227
List the prime factors of 1208.
2, 151
What are the prime factors of 1519?
7, 31
What are the prime factors of 22771?
7, 3253
List the prime factors of 48999.
3, 16333
What are the prime factors of 28071?
3, 3119
List the prime factors of 1293.
3, 431
List the prime factors of 2099.
2099
List the prime factors of 30455.
5, 6091
List the prime factors of 2055.
3, 5, 137
What are the prime factors of 913?
11, 83
What are the prime factors of 1038?
2, 3, 173
List the prime factors of 205.
5, 41
What are the prime factors of 76424?
2, 41, 233
What are the prime factors of 8478?
2, 3, 157
What are the prime factors of 59132?
2, 14783
What are the prime factors of 21117?
3, 7039
What are the prime factors of 14929?
14929
List the prime factors of 5091.
3, 1697
List the prime factors of 864.
2, 3
What are the prime factors of 1399?
1399
List the prime factors of 2236.
2, 13, 43
What are the prime factors of 21093?
3, 79, 89
List the prime factors of 5824.
2, 7, 13
What are the prime factors of 6109?
41, 149
What are the prime factors of 1719?
3, 191
What are the prime factors of 15808?
2, 13, 19
What are the prime factors of 58606?
2, 29303
List the prime factors of 290.
2, 5, 29
What are the prime factors of 26462?
2, 101, 131
List the prime factors of 161401.
103, 1567
What are the prime factors of 709?
709
List the prime factors of 3435.
3, 5, 229
What are the prime factors of 321?
3, 107
What are the prime factors of 5390?
2, 5, 7, 11
What are the prime factors of 3376?
2, 211
What are the prime factors of 37037?
7, 11, 13, 37
List the prime factors of 104872.
2, 13109
What are the prime factors of 8817?
3, 2939
List the prime factors of 8483.
17, 499
What are the prime factors of 783?
3, 29
List the prime factors of 52889.
52889
What are the prime factors of 10618?
2, 5309
List the prime factors of 56218.
2, 28109
List the prime factors of 26172.
2, 3, 727
List the prime factors of 559.
13, 43
List the prime factors of 12841.
12841
List the prime factors of 12362.
2, 7, 883
List the prime factors of 34420.
2, 5, 1721
What are the prime factors of 3541?
3541
List the prime factors of 1258.
2, 17, 37
What are the prime factors of 108570?
2, 3, 5, 7, 11, 47
List the prime factors of 2631.
3, 877
List the prime factors of 77235.
3, 5, 19, 271
What are the prime factors of 18936?
2, 3, 263
What are the prime factors of 13124?
2, 17, 193
List the prime factors of 49923.
3, 43
What are the prime factors of 120330?
2, 3, 5, 7, 191
What are the prime factors of 64224?
2, 3, 223
List the prime factors of 4659.
3, 1553
List the prime factors of 9940.
2, 5, 7, 71
List the prime factors of 31227.
3, 7, 1487
List the prime factors of 60821.
60821
List the prime factors of 523.
523
What are the prime factors of 66989?
13, 5153
List the prime factors of 37405.
5, 7481
List the prime factors of 4453.
61, 73
List the prime factors of 58944.
2, 3, 307
List the prime factors of 6871.
6871
What are the prime factors of 552?
2, 3, 23
List the prime factors of 794.
2, 397
List the prime factors of 3899.
7, 557
What are the prime factors of 5858?
2, 29, 101
What are the prime factors of 57967?
7, 13
List the prime factors of 2615.
5, 523
What are the prime factors of 66?
2, 3, 11
List the prime factors of 659.
659
What are the prime factors of 58836?
2, 3, 4903
What are the prime factors of 4145?
5, 829
List the prime factors of 16519.
16519
What are the prime factors of 74842?
2, 23, 1627
What are the prime factors of 633?
3, 211
List the prime factors of 9260.
2, 5, 463
List the prime factors of 5373.
3, 199
What are the prime factors of 656?
2, 41
What are the prime factors of 7068?
2, 3, 19, 31
What are the prime factors of 12443?
23, 541
List the prime factors of 4652.
2, 1163
What are the prime factors of 1075?
5, 43
What are the prime factors of 65646?
2, 3, 7, 521
What are the prime factors of 83650?
2, 5, 7, 239
What are the prime factors of 35201?
35201
What are the prime factors of 9800?
2, 5, 7
What are the prime factors of 1704?
2, 3, 71
What are the prime factors of 769?
769
List the prime factors of 1144.
2, 11, 13
What are the prime factors of 955?
5, 191
List the prime factors of 4108.
2, 13, 79
What are the prime factors of 52?
2, 13
List the prime factors of 67757.
67757
List the prime factors of 42987.
3, 7, 23, 89
List the prime factors of 1287.
3, 11, 13
What are the prime factors of 385?
5, 7, 11
List the prime factors of 485.
5, 97
List the prime factors of 1274.
2, 7, 13
What are the prime factors of 4115?
5, 823
What are the prime factors of 48642?
2, 3, 11, 67
List the prime factors of 4668.
2, 3, 389
List the prime factors of 223.
223
List the prime factors of 1865.
5, 373
What are the prime factors of 1640?
2, 5, 41
What are the prime factors of 1905?
3, 5, 127
What are the prime factors of 11371?
83, 137
List the prime factors of 304.
2, 19
What are the prime factors of 40316?
2, 10079
What are the prime factors of 6138?
2, 3, 11, 31
List the prime factors of 8969.
8969
List the prime factors of 632.
2, 79
List the prime factors of 39892.
2, 9973
List the prime factors of 329.
7, 47
What are the prime factors of 8121?
3, 2707
List the prime factors of 21116.
2, 5279
What are the prime factors of 1013?
1013
List the prime factors of 8979.
3, 41, 73
What are the prime factors of 5375?
5, 43
What are the prime factors of 94663?
181, 523
List the prime factors of 27214.
2, 11, 1237
What are the prime factors of 63276?
2, 3, 5273
What are the prime factors of 71793?
3, 2659
List the prime factors of 69946.
2, 41, 853
List the prime factors of 5373.
3, 199
List the prime factors of 982.
2, 491
What are the prime factors of 5463?
3, 607
List the prime factors of 4043.
13, 311
List the prime factors of 4105.
5, 821
What are the prime factors of 3418?
2, 1709
What are the prime factors of 20463?
3, 19, 359
What are the prime factors of 1789?
1789
List the prime factors of 1791.
3, 199
What are the prime factors of 46?
2, 23
What are the prime factors of 789?
3, 263
List the prime factors of 32102.
2, 7, 2293
What are the prime factors of 1422?
2, 3, 79
What are the prime factors of 5501?
5501
List the prime factors of 94585.
5, 18917
List the prime factors of 8783.
8783
What are the prime factors of 32738?
2, 16369
List the prime factors of 13359.
3, 61, 73
What are the prime factors of 43?
43
What are the prime factors of 99970?
2, 5, 13, 769
What are the prime factors of 3793?
3793
What are the prime factors of 1321?
1321
List the prime factors of 40300.
2, 5, 13, 31
What are the prime factors of 3393?
3, 13, 29
List the prime factors of 1630.
2, 5, 163
List the prime factors of 1970.
2, 5, 197
What are the prime factors of 58861?
11, 5351
List the prime factors of 306.
2, 3, 17
What are the prime factors of 1247?
29, 43
List the prime factors of 3161.
29, 109
List the prime factors of 607.
607
What are the prime factors of 70635?
3, 5, 17, 277
List the prime factors of 1397.
11, 127
List the prime factors of 78926.
2, 19, 31, 67
What are the prime factors of 1155?
3, 5, 7, 11
What are the prime factors of 7588?
2, 7, 271
List the prime factors of 9499.
7, 23, 59
What are the prime factors of 18934?
2, 9467
What are the prime factors of 2208?
2, 3, 23
List the prime factors of 250.
2, 5
What are the prime factors of 36115?
5, 31, 233
List the prime factors of 1076.
2, 269
List the prime factors of 145292.
2, 7, 5189
List the prime factors of 6177.
3, 29, 71
What are the prime factors of 12498?
2, 3, 2083
List the prime factors of 16113.
3, 41, 131
What are the prime factors of 39918?
2, 3, 6653
List the prime factors of 2397.
3, 17, 47
What are the prime factors of 15230?
2, 5, 1523
What are the prime factors of 53999?
11, 4909
List the prime factors of 7156.
2, 1789
What are the prime factors of 2082?
2, 3, 347
List the prime factors of 1521.
3, 13
List the prime factors of 1429.
1429
What are the prime factors of 19793?
19793
List the prime factors of 64557.
3, 797
What are the prime factors of 20623?
41, 503
List the prime factors of 5789.
7, 827
List the prime factors of 41070.
2, 3, 5, 37
What are the prime factors of 29903?
17, 1759
List the prime factors of 11962.
2, 5981
List the prime factors of 62658.
2,